-23
Let d(f) = -70*f + 198. Calculate d(3).
-12
Let p(i) = -i**2 - i + 11. Determine p(-5).
-9
Let q(j) = 3*j**2 + 2*j - 45. What is q(0)?
-45
Let t(w) = 10*w - 81. Give t(9).
9
Let v(g) = -g**2 - 8*g + 3. What is v(-5)?
18
Let n(x) = -x**3 + 10*x**2 + 10*x + 12. What is n(11)?
1
Let v(r) = -5*r + 46. Determine v(9).
1
Let n(u) = -3*u - 1. Give n(2).
-7
Let i(g) = -g**2 - 7*g - 17. Determine i(-4).
-5
Let z(j) = -25*j. What is z(-1)?
25
Let a(j) = j**2 + 7*j - 6. Calculate a(-7).
-6
Let o(q) = q**2 - 2*q - 74. Give o(9).
-11
Let i(d) = -d**3 + 2*d + 14. What is i(0)?
14
Let y(i) = -i**3 - 11. What is y(0)?
-11
Let r(v) = -2*v**2 - 3*v - 3. What is r(-2)?
-5
Let m(a) = 3*a**3 - 17*a**2 - 7*a + 10. Give m(6).
4
Let r(l) = -2*l**3 + 20*l**2 + 10*l + 15. Determine r(10).
115
Let f(z) = -z**3 - 8*z**2 + 15*z + 37. Calculate f(-3).
-53
Let b(z) = 32*z + 230. Determine b(-7).
6
Let w(o) = o + 15. Calculate w(-15).
0
Let h(q) = q**3 - 4*q**2 - 2*q + 4. Give h(4).
-4
Let d(o) = -2*o + 14. Give d(10).
-6
Let j(s) = -s**2 - s + 9. What is j(3)?
-3
Let x(l) = -l - 9. Calculate x(-2).
-7
Let g(c) = -c**2 + 9*c + 21. Give g(11).
-1
Let f(s) = 2*s**2 - 6*s + 21. Determine f(3).
21
Let i(k) = -41*k - 74. Determine i(-2).
8
Let o(a) = -5*a**2 + 7*a - 4. Calculate o(2).
-10
Let l(m) = -3*m**2 - 101*m + 40. Give l(-34).
6
Let j(q) = q**3 + 15*q**2 + 14*q + 2. Give j(-14).
2
Let f(r) = -2*r - 22. Calculate f(-15).
8
Let u(c) = -2*c + 6. Calculate u(2).
2
Let c(m) = -m**3 + 18*m**2 - 18*m - 24. Give c(17).
-41
Let a(r) = r**3 - 7*r**2 - 5. What is a(6)?
-41
Let h(t) = -t**3 + t**2 - 65*t + 211. Give h(3).
-2
Let n(x) = -x**3 - x**2 + 2*x - 5. Determine n(0).
-5
Let y(h) = h**2 - 16*h + 13. Calculate y(10).
-47
Let v(s) = s**3 - 21*s**2 - 23*s + 46. What is v(22)?
24
Let f(n) = 12*n**3 - n + 1. Calculate f(1).
12
Let c(f) = -f - 11. What is c(-21)?
10
Let h(b) = 72*b + 788. Give h(-11).
-4
Let b(o) = -o**3 - 16*o**2 - o - 13. Give b(-16).
3
Let t(y) = -y**2 - 30*y - 22. Determine t(-27).
59
Let c(h) = -13*h + 2. Give c(-3).
41
Let c(u) = -20*u**2 + 4*u + 2. Calculate c(-2).
-86
Let k(o) = o**3 - 6*o**2 - 12*o + 16. Give k(8).
48
Let n(k) = -56*k - 2. Calculate n(1).
-58
Let p(y) = -3*y + 20. Give p(3).
11
Let g(z) = -z**2 + z + 29. Calculate g(7).
-13
Let u(a) = 2*a**3 + 54*a**2 - 3*a - 44. What is u(-27)?
37
Let a(n) = -2*n**3 - 29*n**2 + 17*n - 14. Calculate a(-15).
-44
Let m(v) = v**3 + 11*v**2 - 16*v + 15. Determine m(-13).
-115
Let z(u) = -u**2 + 5*u + 47. Calculate z(-5).
-3
Let f(z) = z + 19. Give f(-10).
9
Let u(v) = v**2 - 17*v + 11. What is u(16)?
-5
Let n(w) = w**2 - 4. Determine n(2).
0
Let g(h) = -h**3 - 15*h**2 + 14*h - 4. Give g(-16).
28
Let m(k) = 8*k - 46. Calculate m(8).
18
Let f(m) = m**2 - 4*m + 3. Give f(4).
3
Let v(b) = -3*b**2 + 15*b - 36. What is v(6)?
-54
Let c(z) = z**3 - 2*z**2 + 2*z - 2. Determine c(2).
2
Let u(g) = g**2 - 43*g + 279. Calculate u(35).
-1
Let n(k) = 3*k - 31. Calculate n(11).
2
Let v(p) = 6*p**3 - 4*p**2 + 3*p + 4. Determine v(2).
42
Let y(g) = 2*g**2 + 9*g + 19. Calculate y(-3).
10
Let f(v) = -v**3 - 18*v**2 + 19*v - 9. Give f(-19).
-9
Let n(i) = 9*i + 79. Determine n(-6).
25
Let h(s) = 3*s - 11. What is h(9)?
16
Let t(a) = 3*a**2 + 121*a + 370. Determine t(-37).
0
Let u(t) = -t**2 - 8*t + 237. Determine u(-20).
-3
Let t(q) = -8*q + 44. Calculate t(5).
4
Let y(s) = s**3 + 3*s - 2. What is y(0)?
-2
Let s(c) = 21*c - 46. What is s(2)?
-4
Let y(z) = z**2 + 10*z + 21. Calculate y(-8).
5
Let z(r) = 2*r**2 - 14*r + 27. Give z(6).
15
Let k(y) = -2*y**2 - 2*y + 10. Calculate k(0).
10
Let f(l) = l**2 - 12*l + 5. What is f(7)?
-30
Let a(u) = -u**3 + 13*u**2 - 5*u + 19. Determine a(13).
-46
Let k(q) = 7*q - 160. Calculate k(21).
-13
Let z(f) = 10*f - 147. Determine z(14).
-7
Let v(j) = 4*j - 28. Calculate v(9).
8
Let n(o) = o**3 + 5*o**2 - 5*o + 15. What is n(-6)?
9
Let h(n) = 3*n**2 - n + 3. Calculate h(-2).
17
Let y(c) = -c**2 + 19*c + 13. Calculate y(20).
-7
Let f(q) = -q**2 - 6*q - 5. Determine f(-3).
4
Let j(w) = -2*w**2 + 10*w + 29. Give j(9).
-43
Let z(l) = -2*l**2 + 21*l - 38. Calculate z(9).
-11
Let s(x) = -x**2 - 3*x + 26. Determine s(-7).
-2
Let d(o) = o**3 - 4*o**2 - o - 1. Give d(4).
-5
Let v(l) = -3*l**3 - 29*l**2 + 10*l + 14. Give v(-10).
14
Let l(o) = 2*o - 3. What is l(1)?
-1
Let c(d) = 2*d**2 + 8*d - 35. What is c(3)?
7
Let w(d) = d**2 - 19*d + 5. What is w(19)?
5
Let m(k) = -k**2 - 2*k + 55. Determine m(7).
-8
Let n(i) = -4*i + 9. What is n(4)?
-7
Let c(f) = -f**2 + 6*f + 9. What is c(9)?
-18
Let a(t) = -8*t**2 + 2*t + 2. Calculate a(-1).
-8
Let p(c) = -c**2 + 7*c + 38. Determine p(11).
-6
Let h(n) = -19*n + 82. What is h(5)?
-13
Let g(n) = 9*n - 43. Determine g(10).
47
Let g(d) = -d - 10. Give g(-5).
-5
Let o(j) = -2*j**3 - 14*j**2 - 20*j - 2. What is o(-5)?
-2
Let a(o) = 3*o**2 + 14*o + 9. Give a(-6).
33
Let m(f) = 43*f + 1. Give m(-1).
-42
Let v(r) = -r**3 + 12*r**2 + 27*r + 11. Calculate v(14).
-3
Let p(o) = -3*o**3 - 10*o**2 - 10*o + 1. Calculate p(-2).
5
Let s(f) = f**2 - 7*f + 7. Determine s(6).
1
Let k(i) = -i**2 + 9*i - 1. Calculate k(9).
-1
Let n(q) = -q**3 + 7*q**2 + 7*q - 15. Calculate n(7).
34
Let c(i) = -i - 30. Give c(-11).
-19
Let d(h) = 20*h + 1. Calculate d(1).
21
Let k(i) = -4*i + 25. Give k(8).
-7
Let o(m) = -m**3 + 39*m**2 - 2*m + 38. What is o(39)?
-40
Let b(a) = 14*a + 37. Give b(-4).
-19
Let a(j) = 2*j - 2. Calculate a(-3).
-8
Let g(c) = c**3 + 24*c**2 + 25*c + 59. Determine g(-23).
13
Let s(z) = 7*z + 2. Calculate s(-7).
-47
Let l(d) = -13*d + 6. Give l(0).
6
Let y(u) = -9*u**2 + 6*u. What is y(-3)?
-99
Let n(z) = 19*z + 78. Determine n(-6).
-36
Let a(v) = 6*v**2 - 6*v - 1. Give a(-1).
11
Let f(k) = -165*k + 664. Determine f(4).
4
Let y(b) = b**3 + 3*b**2 + 3*b + 24. Determine y(-4).
-4
Let a(p) = p**2 + 6*p - 6. Calculate a(-7).
1
Let x(m) = m**3 - 3*m**2 - 5*m - 14. Determine x(4).
-18
Let c(g) = g**2 + 33*g - 104. What is c(-36)?
4
Let z(s) = s**2 - 8*s - 14. Calculate z(8).
-14
Let d(g) = -g**3 - 4*g**2 + g - 14. Calculate d(-5).
6
Let f(t) = 20*t + 7. Calculate f(0).
7
Let d(c) = -c**3 - 8*c**2 + 8*c - 7. Calculate d(-9).
2
Let c(q) = q**3 - 4*q**2 + q. Calculate c(3).
-6
Let d(a) = 10*a + 4. What is d(6)?
64
Let q(b) = b**3 - 6*b**2 - 6*b - 7. Calculate q(7).
0
Let c(l) = 2*l**3 + l**2 - 7*l + 6. Determine c(2).
12
Let k(l) = l**2 - 6*l + 4. What is k(3)?
-5
Let i(m) = -13*m - 2. Give i(-1).
11
Let h(o) = -2*o**2 + 34*o - 30. Calculate h(16).
2
Let b(r) = -r - 10. What is b(-5)?
-5
Let x(q) = -2*q**2 + 15*q + 12. What is x(8)?
4
Let c(v) = v**3 + 17*v**2 + 17*v - 11. Calculate c(-16).
-27
Let c(o) = o**2 + 26*o + 41. What is c(-24)?
-7
Let l(i) = 4*i**2 - 5*i - 15. Give l(6).
99
Let f(j) = -2*j**3 - 3*j**2 - 6*j - 3. Calculate f(-2).
13
Let t(f) = f**3 + 13*f**2 + 11*f - 16. What is t(-12)?
-4
Let v(y) = -y**2 - 3*y - 3. Determine v(-3).
-3
Let j(r) = -5*r - 19. Calculate j(-4).
1
Let i(t) = 17*t + 22. Calculate i(-2).
-12
Let h(l) = -2*l**3 + 3*l - 3. Calculate h(2).
-13
Let c(s) = -s**2 + 7*s - 2. What is c(6)?
4
Let c(m) = 6*m**2 + 36*m - 38. Calculate c(1).
4
Let r(i) = -i**3 + 19*i**2 + 65*i + 19. Calculate r(22).
-3
Let f(b) = b**2 - 29*b + 22. What is f(32)?
118
Let u(g) = -g**3 + g**2 + 3*g - 2. Determine u(2).
0
Let y(j) = -3*j**2 + 4*j - 2. Determine y(2).
-6
Let p(a) = a**2 - 18*a - 28. Determine p(20).
12
Let h(j) = j**2 + 19*j - 6. Give h(-19).
-6
Let l(b) = 3*b**3 + 34*b**2 + 12*b + 17. What is l(-11)?
6
Let w(m) = 2*m**2 - 66*m + 195. Calculate w(30).
15
Let m(i) = -2*i - 21. Give m(-7).
-7
Let v(b) = 2*b**2 - 2*b - 3. Calculate v(-2).
9
Let a(u) = u**3 - u**2 - 2*u - 1. Calculate a(-2).
-9
Let y(q) = 4*q + 7. Determine y(5).
27
Let p(t) = -2*t**3 - 3*t - 2. Determine p(-1).
3
Let q(b) = -b**3 - 7*b**2 + 3*b + 41. What is q(-7)?
20
Let y(q) = q**3 - 16*q**2 + 30*q - 18. Give y(14).
10
Let b(i) = -4*i - 6. Determine b(23).
-98
Let a(t) = t**2 - t + 13. Give a(0).
13
Let z(k) = k**3 + 7*k**2 + 5*k. What is z(-4)?
28
Let b(m) = m**3 - 6*m**2 + 19*m - 48. Calculate b(4).
-4
Let c(y) = y**3 - 6*y**2 - 2*y - 31. What is c(7)?
4
Let h(x) = x**3 - 7*x**2 + 3*x + 24. What is h(6)?
6
Let l(n) = -n**3 + 26*n**2 + 26*n + 32. Calculate l(27).
5
Let s(r) = 33*r - 177. Determin